{"id":184,"date":"2015-12-02T08:12:07","date_gmt":"2015-12-02T08:12:07","guid":{"rendered":"http:\/\/myvegiday.wpengine.com\/global-impact-2\/"},"modified":"2020-06-03T22:04:48","modified_gmt":"2020-06-03T22:04:48","slug":"contexte-mondial","status":"publish","type":"page","link":"https:\/\/myvegiday.com\/fr-ca\/contexte-mondial\/","title":{"rendered":"Contexte mondial"},"content":{"rendered":"<div style=\"background: url('https:\/\/myvegiday.com\/fr-ca\/wp-content\/uploads\/sites\/3\/2015\/12\/globalContext_image-1.jpg'); background-size: contain; padding: 0 5% 20%; background-position: bottom center; background-repeat: no-repeat;\">\n<h2 style=\"font-size: 4.5em; text-align: center;\">L\u2019\u00e9volution du temps<\/h2>\n<p>D\u2019ici 2050, la population mondiale devrait atteindre 9\u00a0milliards, soit une hausse de 28\u00a0%. La demande alimentaire d\u00e9passera bient\u00f4t la capacit\u00e9 de la Terre. Quels changements pouvons-nous apporter pour nous assurer que chacun mangera \u00e0 sa faim? La solution est l\u00e0, \u00e0 nos pieds. En encourageant l\u2019agriculture durable et en consommant des aliments d\u2019origine v\u00e9g\u00e9tale, nous pouvons avoir une influence positive sur toute la plan\u00e8te. La production v\u00e9g\u00e9tale fait appel \u00e0 moins de ressources naturelles et consomme moins d\u2019\u00e9nergie. Voil\u00e0 le chemin vers les vertes prairies du d\u00e9veloppement durable mondial.<\/p>\n<\/div>\n","protected":false},"excerpt":{"rendered":"<p>L\u2019\u00e9volution du temps D\u2019ici 2050, la population mondiale devrait atteindre 9\u00a0milliards, soit une hausse de 28\u00a0%. La demande alimentaire d\u00e9passera bient\u00f4t la capacit\u00e9 de la Terre. Quels changements pouvons-nous apporter pour nous assurer que chacun mangera \u00e0 sa faim? La solution est l\u00e0, \u00e0 nos pieds. En encourageant l\u2019agriculture durable et en consommant des aliments&#8230;<\/p>\n","protected":false},"author":1,"featured_media":0,"parent":0,"menu_order":4,"comment_status":"closed","ping_status":"closed","template":"","meta":{"_acf_changed":false,"_et_pb_use_builder":"","_et_pb_old_content":"","_et_gb_content_width":"","footnotes":""},"class_list":["post-184","page","type-page","status-publish","hentry"],"acf":[],"yoast_head":"<!-- This site is optimized with the Yoast SEO Premium plugin v27.2 (Yoast SEO v27.5) - https:\/\/yoast.com\/product\/yoast-seo-premium-wordpress\/ -->\n<title>Contexte mondial - VegiDay fr-CA<\/title>\n<meta name=\"robots\" content=\"index, follow, max-snippet:-1, max-image-preview:large, max-video-preview:-1\" \/>\n<link rel=\"canonical\" href=\"https:\/\/myvegiday.com\/fr-ca\/contexte-mondial\/\" \/>\n<meta property=\"og:locale\" content=\"fr_CA\" \/>\n<meta property=\"og:type\" content=\"article\" \/>\n<meta property=\"og:title\" content=\"Contexte mondial\" \/>\n<meta property=\"og:description\" content=\"L\u2019\u00e9volution du temps D\u2019ici 2050, la population mondiale devrait atteindre 9\u00a0milliards, soit une hausse de 28\u00a0%. La demande alimentaire d\u00e9passera bient\u00f4t la capacit\u00e9 de la Terre. Quels changements pouvons-nous apporter pour nous assurer que chacun mangera \u00e0 sa faim? La solution est l\u00e0, \u00e0 nos pieds. En encourageant l\u2019agriculture durable et en consommant des aliments...\" \/>\n<meta property=\"og:url\" content=\"https:\/\/myvegiday.com\/fr-ca\/contexte-mondial\/\" \/>\n<meta property=\"og:site_name\" content=\"VegiDay fr-CA\" \/>\n<meta property=\"article:publisher\" content=\"https:\/\/www.facebook.com\/myvegiday\/\" \/>\n<meta property=\"article:modified_time\" content=\"2020-06-03T22:04:48+00:00\" \/>\n<meta name=\"twitter:card\" content=\"summary_large_image\" \/>\n<meta name=\"twitter:label1\" content=\"Estimation du temps de lecture\" \/>\n\t<meta name=\"twitter:data1\" content=\"1 minute\" \/>\n<script type=\"application\/ld+json\" class=\"yoast-schema-graph\">{\"@context\":\"https:\\\/\\\/schema.org\",\"@graph\":[{\"@type\":\"WebPage\",\"@id\":\"https:\\\/\\\/myvegiday.com\\\/fr-ca\\\/contexte-mondial\\\/\",\"url\":\"https:\\\/\\\/myvegiday.com\\\/fr-ca\\\/contexte-mondial\\\/\",\"name\":\"Contexte mondial - VegiDay fr-CA\",\"isPartOf\":{\"@id\":\"https:\\\/\\\/myvegiday.com\\\/fr-ca\\\/#website\"},\"datePublished\":\"2015-12-02T08:12:07+00:00\",\"dateModified\":\"2020-06-03T22:04:48+00:00\",\"breadcrumb\":{\"@id\":\"https:\\\/\\\/myvegiday.com\\\/fr-ca\\\/contexte-mondial\\\/#breadcrumb\"},\"inLanguage\":\"fr-CA\",\"potentialAction\":[{\"@type\":\"ReadAction\",\"target\":[\"https:\\\/\\\/myvegiday.com\\\/fr-ca\\\/contexte-mondial\\\/\"]}]},{\"@type\":\"BreadcrumbList\",\"@id\":\"https:\\\/\\\/myvegiday.com\\\/fr-ca\\\/contexte-mondial\\\/#breadcrumb\",\"itemListElement\":[{\"@type\":\"ListItem\",\"position\":1,\"name\":\"Home\",\"item\":\"https:\\\/\\\/myvegiday.com\\\/fr-ca\\\/\"},{\"@type\":\"ListItem\",\"position\":2,\"name\":\"Contexte mondial\"}]},{\"@type\":\"WebSite\",\"@id\":\"https:\\\/\\\/myvegiday.com\\\/fr-ca\\\/#website\",\"url\":\"https:\\\/\\\/myvegiday.com\\\/fr-ca\\\/\",\"name\":\"VegiDay fr-CA\",\"description\":\"De l&#039;\u00e9nergie \u00e0 partir de z\u00e9ro\",\"publisher\":{\"@id\":\"https:\\\/\\\/myvegiday.com\\\/fr-ca\\\/#organization\"},\"potentialAction\":[{\"@type\":\"SearchAction\",\"target\":{\"@type\":\"EntryPoint\",\"urlTemplate\":\"https:\\\/\\\/myvegiday.com\\\/fr-ca\\\/?s={search_term_string}\"},\"query-input\":{\"@type\":\"PropertyValueSpecification\",\"valueRequired\":true,\"valueName\":\"search_term_string\"}}],\"inLanguage\":\"fr-CA\"},{\"@type\":\"Organization\",\"@id\":\"https:\\\/\\\/myvegiday.com\\\/fr-ca\\\/#organization\",\"name\":\"VegiDay\",\"url\":\"https:\\\/\\\/myvegiday.com\\\/fr-ca\\\/\",\"logo\":{\"@type\":\"ImageObject\",\"inLanguage\":\"fr-CA\",\"@id\":\"https:\\\/\\\/myvegiday.com\\\/fr-ca\\\/#\\\/schema\\\/logo\\\/image\\\/\",\"url\":\"https:\\\/\\\/myvegiday.com\\\/fr-ca\\\/wp-content\\\/uploads\\\/sites\\\/3\\\/2020\\\/05\\\/Logo-VegiDay-1200x1200-1.png\",\"contentUrl\":\"https:\\\/\\\/myvegiday.com\\\/fr-ca\\\/wp-content\\\/uploads\\\/sites\\\/3\\\/2020\\\/05\\\/Logo-VegiDay-1200x1200-1.png\",\"width\":1200,\"height\":1200,\"caption\":\"VegiDay\"},\"image\":{\"@id\":\"https:\\\/\\\/myvegiday.com\\\/fr-ca\\\/#\\\/schema\\\/logo\\\/image\\\/\"},\"sameAs\":[\"https:\\\/\\\/www.facebook.com\\\/myvegiday\\\/\",\"https:\\\/\\\/www.instagram.com\\\/vegiday\\\/\"]}]}<\/script>\n<!-- \/ Yoast SEO Premium plugin. -->","yoast_head_json":{"title":"Contexte mondial - VegiDay fr-CA","robots":{"index":"index","follow":"follow","max-snippet":"max-snippet:-1","max-image-preview":"max-image-preview:large","max-video-preview":"max-video-preview:-1"},"canonical":"https:\/\/myvegiday.com\/fr-ca\/contexte-mondial\/","og_locale":"fr_CA","og_type":"article","og_title":"Contexte mondial","og_description":"L\u2019\u00e9volution du temps D\u2019ici 2050, la population mondiale devrait atteindre 9\u00a0milliards, soit une hausse de 28\u00a0%. La demande alimentaire d\u00e9passera bient\u00f4t la capacit\u00e9 de la Terre. Quels changements pouvons-nous apporter pour nous assurer que chacun mangera \u00e0 sa faim? La solution est l\u00e0, \u00e0 nos pieds. En encourageant l\u2019agriculture durable et en consommant des aliments...","og_url":"https:\/\/myvegiday.com\/fr-ca\/contexte-mondial\/","og_site_name":"VegiDay fr-CA","article_publisher":"https:\/\/www.facebook.com\/myvegiday\/","article_modified_time":"2020-06-03T22:04:48+00:00","twitter_card":"summary_large_image","twitter_misc":{"Estimation du temps de lecture":"1 minute"},"schema":{"@context":"https:\/\/schema.org","@graph":[{"@type":"WebPage","@id":"https:\/\/myvegiday.com\/fr-ca\/contexte-mondial\/","url":"https:\/\/myvegiday.com\/fr-ca\/contexte-mondial\/","name":"Contexte mondial - VegiDay fr-CA","isPartOf":{"@id":"https:\/\/myvegiday.com\/fr-ca\/#website"},"datePublished":"2015-12-02T08:12:07+00:00","dateModified":"2020-06-03T22:04:48+00:00","breadcrumb":{"@id":"https:\/\/myvegiday.com\/fr-ca\/contexte-mondial\/#breadcrumb"},"inLanguage":"fr-CA","potentialAction":[{"@type":"ReadAction","target":["https:\/\/myvegiday.com\/fr-ca\/contexte-mondial\/"]}]},{"@type":"BreadcrumbList","@id":"https:\/\/myvegiday.com\/fr-ca\/contexte-mondial\/#breadcrumb","itemListElement":[{"@type":"ListItem","position":1,"name":"Home","item":"https:\/\/myvegiday.com\/fr-ca\/"},{"@type":"ListItem","position":2,"name":"Contexte mondial"}]},{"@type":"WebSite","@id":"https:\/\/myvegiday.com\/fr-ca\/#website","url":"https:\/\/myvegiday.com\/fr-ca\/","name":"VegiDay fr-CA","description":"De l&#039;\u00e9nergie \u00e0 partir de z\u00e9ro","publisher":{"@id":"https:\/\/myvegiday.com\/fr-ca\/#organization"},"potentialAction":[{"@type":"SearchAction","target":{"@type":"EntryPoint","urlTemplate":"https:\/\/myvegiday.com\/fr-ca\/?s={search_term_string}"},"query-input":{"@type":"PropertyValueSpecification","valueRequired":true,"valueName":"search_term_string"}}],"inLanguage":"fr-CA"},{"@type":"Organization","@id":"https:\/\/myvegiday.com\/fr-ca\/#organization","name":"VegiDay","url":"https:\/\/myvegiday.com\/fr-ca\/","logo":{"@type":"ImageObject","inLanguage":"fr-CA","@id":"https:\/\/myvegiday.com\/fr-ca\/#\/schema\/logo\/image\/","url":"https:\/\/myvegiday.com\/fr-ca\/wp-content\/uploads\/sites\/3\/2020\/05\/Logo-VegiDay-1200x1200-1.png","contentUrl":"https:\/\/myvegiday.com\/fr-ca\/wp-content\/uploads\/sites\/3\/2020\/05\/Logo-VegiDay-1200x1200-1.png","width":1200,"height":1200,"caption":"VegiDay"},"image":{"@id":"https:\/\/myvegiday.com\/fr-ca\/#\/schema\/logo\/image\/"},"sameAs":["https:\/\/www.facebook.com\/myvegiday\/","https:\/\/www.instagram.com\/vegiday\/"]}]}},"_links":{"self":[{"href":"https:\/\/myvegiday.com\/fr-ca\/wp-json\/wp\/v2\/pages\/184","targetHints":{"allow":["GET"]}}],"collection":[{"href":"https:\/\/myvegiday.com\/fr-ca\/wp-json\/wp\/v2\/pages"}],"about":[{"href":"https:\/\/myvegiday.com\/fr-ca\/wp-json\/wp\/v2\/types\/page"}],"author":[{"embeddable":true,"href":"https:\/\/myvegiday.com\/fr-ca\/wp-json\/wp\/v2\/users\/1"}],"replies":[{"embeddable":true,"href":"https:\/\/myvegiday.com\/fr-ca\/wp-json\/wp\/v2\/comments?post=184"}],"version-history":[{"count":0,"href":"https:\/\/myvegiday.com\/fr-ca\/wp-json\/wp\/v2\/pages\/184\/revisions"}],"wp:attachment":[{"href":"https:\/\/myvegiday.com\/fr-ca\/wp-json\/wp\/v2\/media?parent=184"}],"curies":[{"name":"wp","href":"https:\/\/api.w.org\/{rel}","templated":true}]}}

<div style="background: url('https://myvegiday.com/fr-ca/wp-content/uploads/sites/3/2015/12/globalContext_image-1.jpg'); background-size: contain; padding: 0 5% 20%; background-position: bottom center; background-repeat: no-repeat;">
<h2 style="font-size: 4.5em; text-align: center;">L’évolution du temps</h2>
<p>D’ici 2050, la population mondiale devrait atteindre 9 milliards, soit une hausse de 28 %. La demande alimentaire dépassera bientôt la capacité de la Terre. Quels changements pouvons-nous apporter pour nous assurer que chacun mangera à sa faim? La solution est là, à nos pieds. En encourageant l’agriculture durable et en consommant des aliments d’origine végétale, nous pouvons avoir une influence positive sur toute la planète. La production végétale fait appel à moins de ressources naturelles et consomme moins d’énergie. Voilà le chemin vers les vertes prairies du développement durable mondial.</p>
</div>

<p>L’évolution du temps D’ici 2050, la population mondiale devrait atteindre 9 milliards, soit une hausse de 28 %. La demande alimentaire dépassera bientôt la capacité de la Terre. Quels changements pouvons-nous apporter pour nous assurer que chacun mangera à sa faim? La solution est là, à nos pieds. En encourageant l’agriculture durable et en consommant des aliments&#8230;</p>

<!-- This site is optimized with the Yoast SEO Premium plugin v27.2 (Yoast SEO v27.5) - https://yoast.com/product/yoast-seo-premium-wordpress/ -->
<title>Contexte mondial - VegiDay fr-CA</title>
<meta name="robots" content="index, follow, max-snippet:-1, max-image-preview:large, max-video-preview:-1" />
<link rel="canonical" href="https://myvegiday.com/fr-ca/contexte-mondial/" />
<meta property="og:locale" content="fr_CA" />
<meta property="og:type" content="article" />
<meta property="og:title" content="Contexte mondial" />
<meta property="og:description" content="L’évolution du temps D’ici 2050, la population mondiale devrait atteindre 9 milliards, soit une hausse de 28 %. La demande alimentaire dépassera bientôt la capacité de la Terre. Quels changements pouvons-nous apporter pour nous assurer que chacun mangera à sa faim? La solution est là, à nos pieds. En encourageant l’agriculture durable et en consommant des aliments..." />
<meta property="og:url" content="https://myvegiday.com/fr-ca/contexte-mondial/" />
<meta property="og:site_name" content="VegiDay fr-CA" />
<meta property="article:publisher" content="https://www.facebook.com/myvegiday/" />
<meta property="article:modified_time" content="2020-06-03T22:04:48+00:00" />
<meta name="twitter:card" content="summary_large_image" />
<meta name="twitter:label1" content="Estimation du temps de lecture" />
	<meta name="twitter:data1" content="1 minute" />
<script type="application/ld+json" class="yoast-schema-graph">{"@context":"https:\/\/schema.org","@graph":[{"@type":"WebPage","@id":"https:\/\/myvegiday.com\/fr-ca\/contexte-mondial\/","url":"https:\/\/myvegiday.com\/fr-ca\/contexte-mondial\/","name":"Contexte mondial - VegiDay fr-CA","isPartOf":{"@id":"https:\/\/myvegiday.com\/fr-ca\/#website"},"datePublished":"2015-12-02T08:12:07+00:00","dateModified":"2020-06-03T22:04:48+00:00","breadcrumb":{"@id":"https:\/\/myvegiday.com\/fr-ca\/contexte-mondial\/#breadcrumb"},"inLanguage":"fr-CA","potentialAction":[{"@type":"ReadAction","target":["https:\/\/myvegiday.com\/fr-ca\/contexte-mondial\/"]}]},{"@type":"BreadcrumbList","@id":"https:\/\/myvegiday.com\/fr-ca\/contexte-mondial\/#breadcrumb","itemListElement":[{"@type":"ListItem","position":1,"name":"Home","item":"https:\/\/myvegiday.com\/fr-ca\/"},{"@type":"ListItem","position":2,"name":"Contexte mondial"}]},{"@type":"WebSite","@id":"https:\/\/myvegiday.com\/fr-ca\/#website","url":"https:\/\/myvegiday.com\/fr-ca\/","name":"VegiDay fr-CA","description":"De l&#039;énergie à partir de zéro","publisher":{"@id":"https:\/\/myvegiday.com\/fr-ca\/#organization"},"potentialAction":[{"@type":"SearchAction","target":{"@type":"EntryPoint","urlTemplate":"https:\/\/myvegiday.com\/fr-ca\/?s={search_term_string}"},"query-input":{"@type":"PropertyValueSpecification","valueRequired":true,"valueName":"search_term_string"}}],"inLanguage":"fr-CA"},{"@type":"Organization","@id":"https:\/\/myvegiday.com\/fr-ca\/#organization","name":"VegiDay","url":"https:\/\/myvegiday.com\/fr-ca\/","logo":{"@type":"ImageObject","inLanguage":"fr-CA","@id":"https:\/\/myvegiday.com\/fr-ca\/#\/schema\/logo\/image\/","url":"https:\/\/myvegiday.com\/fr-ca\/wp-content\/uploads\/sites\/3\/2020\/05\/Logo-VegiDay-1200x1200-1.png","contentUrl":"https:\/\/myvegiday.com\/fr-ca\/wp-content\/uploads\/sites\/3\/2020\/05\/Logo-VegiDay-1200x1200-1.png","width":1200,"height":1200,"caption":"VegiDay"},"image":{"@id":"https:\/\/myvegiday.com\/fr-ca\/#\/schema\/logo\/image\/"},"sameAs":["https:\/\/www.facebook.com\/myvegiday\/","https:\/\/www.instagram.com\/vegiday\/"]}]}</script>
<!-- / Yoast SEO Premium plugin. -->

L’évolution du temps D’ici 2050, la population mondiale devrait atteindre 9 milliards, soit une hausse de 28 %. La demande alimentaire dépassera bientôt la capacité de la Terre. Quels changements pouvons-nous apporter pour nous assurer que chacun mangera à sa faim? La solution est là, à nos pieds. En encourageant l’agriculture durable et en consommant des aliments...

De l&#039;énergie à partir de zéro
